factors of m?
293
Let a(u) = -11*u**2 + 344*u + 35. What are the prime factors of a(27)?
2, 163
Let d(t) = -16*t**2 + 136*t + 15. Let z be d(12). Let p = z + 1489. List the prime factors of p.
2, 13
Suppose -17*a - 348 = -32*a - 14*a. Let u(c) = -18*c - 2. Let n be u(-5). Suppose -w + a = -n. What are the prime factors of w?
2, 5
Suppose 2*l - 84*o = -82*o + 5512, 0 = -3*l + 4*o + 8268. List the prime factors of l.
2, 13, 53
Let x(t) = -t**2 + 10*t + 9. Let p be x(-6). Suppose -2*s + 0*s - 4*a = 32, -a = 3*s + 48. What are the prime factors of (0 + p/4)*s/6?
2, 29
Suppose 24*o = 8*o - 16. Let x be -12 + 7 - (-6 - o). Suppose x = -5*g + 420 - 30. List the prime factors of g.
2, 3, 13
Let u(s) = s**3 - 9*s**2 + s + 11. Let z be u(9). Suppose -14 = -3*r + 5*r + 4*l, 4*l + z = 0. List the prime factors of r.
3
Let g(y) = 46*y**2 - 3749*y + 126. List the prime factors of g(88).
2, 13219
Suppose 2*k = -d + 2532, -5*d = -k + 804 + 451. Suppose k = 25*j - 8835. What are the prime factors of j?
2, 101
Let b(s) = -s**3 - 4*s**2 + 8*s + 10. Let t be b(-5). Let n be (20/25)/(2/t) + 2. Suppose 5*h - h - 296 = n. What are the prime factors of h?
2, 37
Let h be (66/55)/(6/15). Suppose -4*s - s = 2*m - 2774, 4*m + h*s - 5520 = 0. What are the prime factors of m?
3, 17
Let t = 70 + -68. List the prime factors of 3 + 5 + -5 - -90*t.
3, 61
Suppose 175 = -5*u - 170. Let c = 230 + u. Suppose 0 = -c*x + 164*x - 123. List the prime factors of x.
41
Suppose -22*g + 21*g + 3 = 0. Let f(b) = b**g - 5 - b**2 - b + 5*b + 0*b**2. What are the prime factors of f(3)?
5
Let b(p) = 3*p**3 + 4*p + 4*p - 2 - 3*p**2 - 4*p - 2*p. List the prime factors of b(3).
2, 29
Suppose 9*a - 147 = -147. Suppose -4*i - 5*b + 3580 = a, -2*i - i + 2685 = -3*b. What are the prime factors of i?
5, 179
Suppose -5*k - 21271 = -4*p + 9824, -3*p + 23355 = 3*k. What are the prime factors of p?
2, 5, 389
Suppose -2*p + 3*g + 210 = 3*p, 0 = 2*g. Let l = p - 37. Suppose l*f - o - 1020 = 0, -2*f = 2*f + 3*o - 816. What are the prime factors of f?
2, 3, 17
Let t = -779 + 2802. What are the prime factors of t?
7, 17
Let z be 7/(-14)*3*218. Let w = z - -739. List the prime factors of w.
2, 103
Suppose -q + 18 = 15. Suppose h - 8*s + 6 = -7*s, -q = -3*s. Let k(b) = -2*b**3 - 11*b**2 - 9*b + 3. List the prime factors of k(h).
23
Suppose -4*n = 4*m - 305428, -5*m - 2*n - 94858 = -476646. What are the prime factors of m?
2, 73, 523
Let r be 9/(-27) + 4/(-6). Let x = -81 - r. Let p = 133 + x. List the prime factors of p.
53
Let t = 94 - 571. Let i = 546 + t. List the prime factors of i.
3, 23
Let i = 605 + -1037. Let s = 256 - i. List the prime factors of s.
2, 43
Suppose 5*t - 5608 = -4*a, 2239 = 2*t - 0*t + 3*a. Let s = t - 376. List the prime factors of s.
2, 11, 17
Let y be (-6)/(-2) - (-42)/3. Let b be 6*y*(-48)/(-32). Let p = b + -91. What are the prime factors of p?
2, 31
Let c = -8415 + 9233. List the prime factors of c.
2, 409
Suppose 65*c + 142*c - 5769012 = -1494462. What are the prime factors of c?
2, 5, 7, 59
List the prime factors of -1 - -5323 - (36/20 + 36/(-20)).
2, 3, 887
Let y = 1139 + -545. Let h = y + -570. What are the prime factors of h?
2, 3
Let v(t) = 63*t**3 + 4*t**2 - 4*t - 203. List the prime factors of v(10).
137, 461
Let d = 13640 - 4610. What are the prime factors of d?
2, 3, 5, 7, 43
Let f(c) = 5*c**2 - 127*c + 4522. List the prime factors of f(78).
2, 11, 569
Let u be -20*1*(-45)/12. Let l = u - 55. Let t = l - -43. List the prime factors of t.
3, 7
Let x(p) = p**3 - 27*p**2 + 32*p + 3. Let z = -123 + 149. List the prime factors of x(z).
3, 53
Suppose -3*b = 3*y - 77370, b = -15*y + 11*y + 103142. What are the prime factors of y?
2, 11, 293
Let m(b) = -4*b - 115. Let a be m(-28). List the prime factors of (-437)/(-5 - ((-3)/a + -5)).
19, 23
Let f = -41324 + 95381. What are the prime factors of f?
3, 37, 487
Let s be -2 - 39/(-15) - (-34)/10. Suppose -8*g + s*g + b = -6, -3*g = b - 8. Suppose -4*l = -3*z + 222, 0*l = g*z - 5*l - 155. What are the prime factors of z?
2, 5, 7
Suppose 2 = 2*i, 5*k + 11*i - 6*i - 79130 = 0. List the prime factors of k.
3, 5, 211
List the prime factors of (-45980)/(-7) + ((-34)/(-63) - 1/9).
6569
Suppose -32273 - 406369 = -32*x + 45422. What are the prime factors of x?
7, 2161
Let g = 62356 - 26049. List the prime factors of g.
36307
Let w(g) = -1. Let v(q) = q - 26. Let t(x) = -v(x) + 6*w(x). Let z be t(12). What are the prime factors of -4 - 8*(-44)/z?
2, 5
Suppose -5*d - 24709 = -2*w, -37092 = -70*w + 67*w - 2*d. What are the prime factors of w?
2, 7, 883
What are the prime factors of (-15624)/49*-2*(56/2)/4?
2, 3, 31
Suppose 2*i + 75 = 5*s, s = 3*i - 5*i + 3. What are the prime factors of (-22904)/(-182) - (-2)/s?
2, 3, 7
Let t be -3230 + (1 - 6 - -4). Let a = -2226 - t. What are the prime factors of a?
3, 5, 67
Let i(w) = 43*w + 237. Let c be i(28). Let p = c + -182. List the prime factors of p.
1259
Suppose -5*i + 68744 = -3*v, 68*v = -3*i + 65*v + 41280. List the prime factors of i.
17, 809
Let k = 4443 + -2885. Suppose d - 4*b + k = 3*d, 3889 = 5*d + 4*b. List the prime factors of d.
3, 7, 37
Suppose 3*a + 799 = y, 5*a - 624 + 1953 = 3*y. Let s = a - -577. List the prime factors of s.
2, 5, 31
Let m(s) = -575*s**2 + 576*s**2 + 14*s - 3 - 33*s. Suppose -2*z - 4 = -5*g + 37, -3*z + 3*g = 39. List the prime factors of m(z).
3, 71
Let b be (-4)/2*-397*(-3)/(-6). Suppose 9*c - 8*c - b = 0. Suppose -4*k + 71 = -c. What are the prime factors of k?
3, 13
Let q(u) be the third derivative of 11*u**4/24 + 19*u**3/2 - u**2 + 19. List the prime factors of q(22).
13, 23
Let l = 3293 - -1046. List the prime factors of l.
4339
List the prime factors of (-27 - (-1575)/42)/((-1)/(-1138)).
3, 7, 569
Suppose -2*h + 3*h = 0. Suppose h = 4*i + 73 + 639. Let w = 254 + i. List the prime factors of w.
2, 19
Let j(n) = 363*n + 11716. What are the prime factors of j(44)?
2, 3461
What are the prime factors of -390*((-63)/6 - 4)?
3, 5, 13, 29
Let y = -6574 + 9056. List the prime factors of y.
2, 17, 73
Suppose -319*j - 9009 = -301*j - 57213. What are the prime factors of j?
2, 13, 103
Let b(i) = i**3 + 16*i**2 + i + 14. Let q = 41 - 57. Let j be b(q). What are the prime factors of (-423)/j*(-40)/(-60)?
3, 47
Let n = 84 + -80. Let w be (-2)/n*6 - (-5 + -4). Suppose w*q + 56 = 7*q. What are the prime factors of q?
2, 7
Let j be (-30)/(-25)*((-20)/(-2))/(-2). Let r be 4/j*-3 - 3. Let a(n) = -115*n - 6. List the prime factors of a(r).
109
Let i = -12 - 39. Let p be 36/(-6 + 6 - 1). Let k = p - i. What are the prime factors of k?
3, 5
Suppose -15 = -7*m + 41. Suppose t + 3*z + 16 = 2*t, z - m = -3*t. Suppose t*d - 3*d - 64 = 0. List the prime factors of d.
2
Let q(i) = i**2 - 27*i + 54. Let u be q(24). List the prime factors of -1 + -153*24/u.
7, 29
Let b = -5542 + 16467. List the prime factors of b.
5, 19, 23
Let a be ((-1938)/(-95))/((-6)/(-20)). Let w = a - 68. Suppose -8*m = -w*m - 648. What are the prime factors of m?
3
Let a(c) = -1888*c - 313. What are the prime factors of a(-2)?
3463
Suppose j = 564 + 43. Suppose -2*r = -863 - j. List the prime factors of r.
3, 5, 7
Suppose 3*o + 14 = 29. Suppose o*h = -k + 1019, 4*h + 5*k = 3*k + 814. Suppose 2*d + h = 5*d. List the prime factors of d.
2, 17
Suppose 0 = -14*g + 12716 + 2852. List the prime factors of g.
2, 139
Suppose -x + 2*z = -0*z + 11, 74 = -4*x + 2*z. Let j = x - -38. Let c = j + 9. What are the prime factors of c?
2, 13
Suppose -410*o + 126588 = -407*o + 4*u, 0 = -2*o + u + 84370. List the prime factors of o.
2, 53, 199
Let w = 36 + -31. Suppose 5*v - 1502 - 488 = -w*j, -5*v - j + 1978 = 0. List the prime factors of v.
5, 79
Let y(t) = -11*t + 24. Let i = 146 + -259. Let s = i - -115. List the prime factors of y(s).
2
What are the prime factors of (-60)/(-36) + 646850/15?
3, 5, 23
Let h = -4606 + 4801. Let f(d) = 355*d. Let a be f(1). Let t = a - h. List the prime factors of t.
2, 5
Suppose -3*x + 1012*l - 1016*l + 41960 = 0, 3*l = -4*x + 55935. List the prime factors of x.
2, 3, 5, 233
Let p(f) = f**3 + 26*f**2 + 71*f - 5. Let c(m) = m**3 - 3*m**2 - 9*m - 2. Let k be c(4). List the prime factors of p(k).
3, 41
Let d be 91 - (3 + -5 - 1). Let n(l) = 7*l + 82. Let p be n(-11). Suppose -p*b = -46 - d. List the